{"id":8,"date":"2026-01-07T19:03:53","date_gmt":"2026-01-07T22:03:53","guid":{"rendered":"https:\/\/corpoperfeito.vip\/?page_id=8"},"modified":"2026-01-12T17:06:14","modified_gmt":"2026-01-12T20:06:14","slug":"ebook-mente-e-corpo-perfeito","status":"publish","type":"page","link":"https:\/\/corpoperfeito.vip\/","title":{"rendered":"Home"},"content":{"rendered":"","protected":false},"excerpt":{"rendered":"","protected":false},"author":1,"featured_media":0,"parent":0,"menu_order":0,"comment_status":"closed","ping_status":"closed","template":"","meta":{"_acf_changed":false,"footnotes":""},"class_list":["post-8","page","type-page","status-publish","hentry"],"acf":[],"yoast_head":"<!-- This site is optimized with the Yoast SEO plugin v26.7 - https:\/\/yoast.com\/wordpress\/plugins\/seo\/ -->\n<title>Home - CPA<\/title>\n<meta name=\"description\" content=\"Descubra como alcan\u00e7ar equil\u00edbrio mental e um corpo saud\u00e1vel com o ebook Mente e Corpo Perfeito. M\u00e9todo simples, pr\u00e1tico e eficaz.\" \/>\n<meta name=\"robots\" content=\"index, follow, max-snippet:-1, max-image-preview:large, max-video-preview:-1\" \/>\n<link rel=\"canonical\" href=\"https:\/\/corpoperfeito.vip\/\" \/>\n<meta property=\"og:locale\" content=\"pt_BR\" \/>\n<meta property=\"og:type\" content=\"article\" \/>\n<meta property=\"og:title\" content=\"Home - CPA\" \/>\n<meta property=\"og:description\" content=\"Descubra como alcan\u00e7ar equil\u00edbrio mental e um corpo saud\u00e1vel com o ebook Mente e Corpo Perfeito. M\u00e9todo simples, pr\u00e1tico e eficaz.\" \/>\n<meta property=\"og:url\" content=\"https:\/\/corpoperfeito.vip\/\" \/>\n<meta property=\"og:site_name\" content=\"CPA\" \/>\n<meta property=\"article:modified_time\" content=\"2026-01-12T20:06:14+00:00\" \/>\n<meta name=\"twitter:card\" content=\"summary_large_image\" \/>\n<script type=\"application\/ld+json\" class=\"yoast-schema-graph\">{\"@context\":\"https:\/\/schema.org\",\"@graph\":[{\"@type\":\"WebPage\",\"@id\":\"https:\/\/corpoperfeito.vip\/\",\"url\":\"https:\/\/corpoperfeito.vip\/\",\"name\":\"Home - CPA\",\"isPartOf\":{\"@id\":\"https:\/\/corpoperfeito.vip\/#website\"},\"datePublished\":\"2026-01-07T22:03:53+00:00\",\"dateModified\":\"2026-01-12T20:06:14+00:00\",\"description\":\"Descubra como alcan\u00e7ar equil\u00edbrio mental e um corpo saud\u00e1vel com o ebook Mente e Corpo Perfeito. M\u00e9todo simples, pr\u00e1tico e eficaz.\",\"breadcrumb\":{\"@id\":\"https:\/\/corpoperfeito.vip\/#breadcrumb\"},\"inLanguage\":\"pt-BR\",\"potentialAction\":[{\"@type\":\"ReadAction\",\"target\":[\"https:\/\/corpoperfeito.vip\/\"]}]},{\"@type\":\"BreadcrumbList\",\"@id\":\"https:\/\/corpoperfeito.vip\/#breadcrumb\",\"itemListElement\":[{\"@type\":\"ListItem\",\"position\":1,\"name\":\"In\u00edcio\",\"item\":\"https:\/\/corpoperfeito.vip\/\"},{\"@type\":\"ListItem\",\"position\":2,\"name\":\"Home\"}]},{\"@type\":\"WebSite\",\"@id\":\"https:\/\/corpoperfeito.vip\/#website\",\"url\":\"https:\/\/corpoperfeito.vip\/\",\"name\":\"CPA\",\"description\":\"\",\"publisher\":{\"@id\":\"https:\/\/corpoperfeito.vip\/#organization\"},\"potentialAction\":[{\"@type\":\"SearchAction\",\"target\":{\"@type\":\"EntryPoint\",\"urlTemplate\":\"https:\/\/corpoperfeito.vip\/?s={search_term_string}\"},\"query-input\":{\"@type\":\"PropertyValueSpecification\",\"valueRequired\":true,\"valueName\":\"search_term_string\"}}],\"inLanguage\":\"pt-BR\"},{\"@type\":\"Organization\",\"@id\":\"https:\/\/corpoperfeito.vip\/#organization\",\"name\":\"CPA\",\"url\":\"https:\/\/corpoperfeito.vip\/\",\"logo\":{\"@type\":\"ImageObject\",\"inLanguage\":\"pt-BR\",\"@id\":\"https:\/\/corpoperfeito.vip\/#\/schema\/logo\/image\/\",\"url\":\"https:\/\/corpoperfeito.vip\/wp-content\/uploads\/2026\/01\/logo-CPA-1-1024x683.png\",\"contentUrl\":\"https:\/\/corpoperfeito.vip\/wp-content\/uploads\/2026\/01\/logo-CPA-1-1024x683.png\",\"width\":1024,\"height\":683,\"caption\":\"CPA\"},\"image\":{\"@id\":\"https:\/\/corpoperfeito.vip\/#\/schema\/logo\/image\/\"}}]}<\/script>\n<!-- \/ Yoast SEO plugin. -->","yoast_head_json":{"title":"Home - CPA","description":"Descubra como alcan\u00e7ar equil\u00edbrio mental e um corpo saud\u00e1vel com o ebook Mente e Corpo Perfeito. M\u00e9todo simples, pr\u00e1tico e eficaz.","robots":{"index":"index","follow":"follow","max-snippet":"max-snippet:-1","max-image-preview":"max-image-preview:large","max-video-preview":"max-video-preview:-1"},"canonical":"https:\/\/corpoperfeito.vip\/","og_locale":"pt_BR","og_type":"article","og_title":"Home - CPA","og_description":"Descubra como alcan\u00e7ar equil\u00edbrio mental e um corpo saud\u00e1vel com o ebook Mente e Corpo Perfeito. M\u00e9todo simples, pr\u00e1tico e eficaz.","og_url":"https:\/\/corpoperfeito.vip\/","og_site_name":"CPA","article_modified_time":"2026-01-12T20:06:14+00:00","twitter_card":"summary_large_image","schema":{"@context":"https:\/\/schema.org","@graph":[{"@type":"WebPage","@id":"https:\/\/corpoperfeito.vip\/","url":"https:\/\/corpoperfeito.vip\/","name":"Home - CPA","isPartOf":{"@id":"https:\/\/corpoperfeito.vip\/#website"},"datePublished":"2026-01-07T22:03:53+00:00","dateModified":"2026-01-12T20:06:14+00:00","description":"Descubra como alcan\u00e7ar equil\u00edbrio mental e um corpo saud\u00e1vel com o ebook Mente e Corpo Perfeito. M\u00e9todo simples, pr\u00e1tico e eficaz.","breadcrumb":{"@id":"https:\/\/corpoperfeito.vip\/#breadcrumb"},"inLanguage":"pt-BR","potentialAction":[{"@type":"ReadAction","target":["https:\/\/corpoperfeito.vip\/"]}]},{"@type":"BreadcrumbList","@id":"https:\/\/corpoperfeito.vip\/#breadcrumb","itemListElement":[{"@type":"ListItem","position":1,"name":"In\u00edcio","item":"https:\/\/corpoperfeito.vip\/"},{"@type":"ListItem","position":2,"name":"Home"}]},{"@type":"WebSite","@id":"https:\/\/corpoperfeito.vip\/#website","url":"https:\/\/corpoperfeito.vip\/","name":"CPA","description":"","publisher":{"@id":"https:\/\/corpoperfeito.vip\/#organization"},"potentialAction":[{"@type":"SearchAction","target":{"@type":"EntryPoint","urlTemplate":"https:\/\/corpoperfeito.vip\/?s={search_term_string}"},"query-input":{"@type":"PropertyValueSpecification","valueRequired":true,"valueName":"search_term_string"}}],"inLanguage":"pt-BR"},{"@type":"Organization","@id":"https:\/\/corpoperfeito.vip\/#organization","name":"CPA","url":"https:\/\/corpoperfeito.vip\/","logo":{"@type":"ImageObject","inLanguage":"pt-BR","@id":"https:\/\/corpoperfeito.vip\/#\/schema\/logo\/image\/","url":"https:\/\/corpoperfeito.vip\/wp-content\/uploads\/2026\/01\/logo-CPA-1-1024x683.png","contentUrl":"https:\/\/corpoperfeito.vip\/wp-content\/uploads\/2026\/01\/logo-CPA-1-1024x683.png","width":1024,"height":683,"caption":"CPA"},"image":{"@id":"https:\/\/corpoperfeito.vip\/#\/schema\/logo\/image\/"}}]}},"_links":{"self":[{"href":"https:\/\/corpoperfeito.vip\/index.php?rest_route=\/wp\/v2\/pages\/8","targetHints":{"allow":["GET"]}}],"collection":[{"href":"https:\/\/corpoperfeito.vip\/index.php?rest_route=\/wp\/v2\/pages"}],"about":[{"href":"https:\/\/corpoperfeito.vip\/index.php?rest_route=\/wp\/v2\/types\/page"}],"author":[{"embeddable":true,"href":"https:\/\/corpoperfeito.vip\/index.php?rest_route=\/wp\/v2\/users\/1"}],"replies":[{"embeddable":true,"href":"https:\/\/corpoperfeito.vip\/index.php?rest_route=%2Fwp%2Fv2%2Fcomments&post=8"}],"version-history":[{"count":7,"href":"https:\/\/corpoperfeito.vip\/index.php?rest_route=\/wp\/v2\/pages\/8\/revisions"}],"predecessor-version":[{"id":95,"href":"https:\/\/corpoperfeito.vip\/index.php?rest_route=\/wp\/v2\/pages\/8\/revisions\/95"}],"wp:attachment":[{"href":"https:\/\/corpoperfeito.vip\/index.php?rest_route=%2Fwp%2Fv2%2Fmedia&parent=8"}],"curies":[{"name":"wp","href":"https:\/\/api.w.org\/{rel}","templated":true}]}}